remainder when 1803 is divided by 44?
43
Calculate the remainder when 471 is divided by 156.
3
Calculate the remainder when 64 is divided by 17.
13
Calculate the remainder when 958 is divided by 12.
10
What is the remainder when 2455 is divided by 9?
7
What is the remainder when 2924 is divided by 29?
24
Calculate the remainder when 18979 is divided by 19.
17
What is the remainder when 5562 is divided by 87?
81
Calculate the remainder when 7378 is divided by 3683.
12
Calculate the remainder when 21527 is divided by 138.
137
Calculate the remainder when 300 is divided by 36.
12
Calculate the remainder when 174 is divided by 33.
9
Calculate the remainder when 271 is divided by 54.
1
Calculate the remainder when 413 is divided by 254.
159
Calculate the remainder when 69 is divided by 53.
16
What is the remainder when 83 is divided by 7?
6
Calculate the remainder when 719 is divided by 182.
173
Calculate the remainder when 74 is divided by 27.
20
What is the remainder when 71 is divided by 48?
23
What is the remainder when 19301 is divided by 8?
5
Calculate the remainder when 1561 is divided by 71.
70
Calculate the remainder when 14662 is divided by 78.
76
What is the remainder when 2344 is divided by 69?
67
What is the remainder when 100 is divided by 47?
6
Calculate the remainder when 910 is divided by 33.
19
Calculate the remainder when 26 is divided by 12.
2
Calculate the remainder when 139 is divided by 47.
45
Calculate the remainder when 10957 is divided by 58.
53
Calculate the remainder when 351 is divided by 54.
27
Calculate the remainder when 3408 is divided by 379.
376
Calculate the remainder when 397 is divided by 129.
10
Calculate the remainder when 3946 is divided by 303.
7
Calculate the remainder when 182 is divided by 43.
10
What is the remainder when 256 is divided by 52?
48
What is the remainder when 1175 is divided by 42?
41
What is the remainder when 2364 is divided by 19?
8
Calculate the remainder when 1235 is divided by 17.
11
What is the remainder when 590 is divided by 35?
30
Calculate the remainder when 1365 is divided by 162.
69
What is the remainder when 1481 is divided by 23?
9
What is the remainder when 64 is divided by 23?
18
What is the remainder when 5385 is divided by 14?
9
What is the remainder when 355 is divided by 182?
173
Calculate the remainder when 378 is divided by 115.
33
Calculate the remainder when 48 is divided by 2.
0
Calculate the remainder when 24 is divided by 14.
10
Calculate the remainder when 7347 is divided by 15.
12
Calculate the remainder when 398 is divided by 231.
167
What is the remainder when 4478 is divided by 100?
78
What is the remainder when 518 is divided by 76?
62
What is the remainder when 14 is divided by 3?
2
Calculate the remainder when 644 is divided by 58.
6
Calculate the remainder when 57 is divided by 21.
15
What is the remainder when 562 is divided by 36?
22
Calculate the remainder when 489 is divided by 139.
72
What is the remainder when 148 is divided by 10?
8
Calculate the remainder when 555 is divided by 16.
11
Calculate the remainder when 252 is divided by 45.
27
Calculate the remainder when 2256 is divided by 20.
16
Calculate the remainder when 378 is divided by 328.
50
Calculate the remainder when 2615 is divided by 29.
5
What is the remainder when 3427 is divided by 22?
17
Calculate the remainder when 503 is divided by 250.
3
Calculate the remainder when 92 is divided by 55.
37
Calculate the remainder when 26 is divided by 2.
0
What is the remainder when 26 is divided by 3?
2
What is the remainder when 15 is divided by 8?
7
What is the remainder when 842 is divided by 277?
11
What is the remainder when 1212 is divided by 81?
78
Calculate the remainder when 291 is divided by 60.
51
Calculate the remainder when 10621 is divided by 64.
61
Calculate the remainder when 72 is divided by 2.
0
Calculate the remainder when 156 is divided by 84.
72
Calculate the remainder when 2308 is divided by 154.
152
What is the remainder when 179 is divided by 41?
15
What is the remainder when 215 is divided by 43?
0
What is the remainder when 407 is divided by 26?
17
What is the remainder when 71 is divided by 64?
7
Calculate the remainder when 65 is divided by 50.
15
Calculate the remainder when 22 is divided by 17.
5
What is the remainder when 293 is divided by 10?
3
Calculate the remainder when 2681 is divided by 61.
58
Calculate the remainder when 31 is divided by 20.
11
What is the remainder when 583 is divided by 41?
9
Calculate the remainder when 1201 is divided by 28.
25
Calculate the remainder when 56 is divided by 11.
1
What is the remainder when 280 is divided by 76?
52
What is the remainder when 14 is divided by 11?
3
What is the remainder when 207 is divided by 42?
39
Calculate the remainder when 2051 is divided by 138.
119
Calculate the remainder when 8313 is divided by 59.
53
What is the remainder when 40 is divided by 17?
6
What is the remainder when 1031 is divided by 294?
149
Calculate the remainder when 13727 is divided by 104.
103
What is the remainder when 1136 is divided by 51?
14
What is the remainder when 2202 is divided by 15?
12
What is the remainder when 83 is divided by 19?
7
What is the remainder when 74 is divided by 43?
31
What is the remainder when 416 is divided by 158?
100
Calculate the remainder when 510 is divided by 495.
15
Calculate the remainder when 366 is divided by 84.
30
What is the remainder when 3818 is divided by 10?
8
What is the remainder when 706 is divided by 385?
321
What is the remainder when 359 is divided by 118?
5
What is the remainder when 77 is divided by 26?
25
What is the remainder when 19662 is divided by 95?
92
What is the remainder when 61 is divided by 18?
7
Calculate the remainder when 301 is divided by 21.
7
Calculate the remainder when 2014 is divided by 667.
13
What is the remainder when 190 is divided by 48?
46
Calculate the remainder when 2921 is divided by 195.
191
What is the remainder when 1799 is divided by 45?
44
What is the remainder when 350 is divided by 11?
9
Calculate the remainder when 218 is divided by 44.
42
What is the remainder when 101 is divided by 14?
3
Calculate the remainder when 53 is divided by 10.
3
What is the remainder when 3014 is divided by 15?
14
What is the remainder when 444 is divided by 160?
124
Calculate the remainder when 462 is divided by 132.
66
Calculate the remainder when 198 is divided by 104.
94
What is the remainder when 82 is divided by 17?
14
Calculate the remainder when 953 is divided by 18.
17
What is the remainder when 212 is divided by 75?
62
What is the remainder when 5237 is divided by 159?
149
What is the remainder when 139 is divided by 52?
35
What is the remainder when 268 is divided by 21?
16
Calculate the remainder when 507 is divided by 166.
9
Calculate the remainder when 11758 is divided by 98.
96
Calculate the remainder when 402 is divided by 37.
32
What is the remainder when 693 is divided by 2?
1
What is the remainder when 227 is divided by 43?
12
What is the remainder when 121 is divided by 21?
16
Calculate the remainder when 25 is divided by 17.
8
What is the remainder when 346 is divided by 46?
24
What is the remainder when 564 is divided by 26?
18
What is the remainder when 7307 is divided by 28?
27
Calculate the remainder when 1099 is divided by 138.
133
What is the remainder when 16835 is divided by 46?
45
Calculate the remainder when 4016 is divided by 65.
51
Calculate the remainder when 2588 is divided by 12.
8
Calculate the remainder when 573 is divided by 50.
23
Calculate the remainder when 1341 is divided by 22.
21
What is the remainder when 16251 is divided by 63?
60
What is the remainder when 952 is divided by 20?
12
Calculate the remainder when 373 is divided by 51.
16
What is the remainder when 9437 is divided by 13?
12
Calculate the remainder when 85 is divided by 18.
13
What is the remainder when 275 is divided by 43?
17
What is the remainder when 37 is divided by 16?
5
Calculate the remainder when 857 is divided by 143.
142
Calculate the remainder when 152 is divided by 18.
8
Calculate the remainder when 111 is divided by 29.
24
Calculate the remainder when 4826 is divided by 4820.
6
What is the remainder when 428 is divided by 33?
32
Calcu